{"id":1172,"date":"2018-01-15T04:18:06","date_gmt":"2018-01-15T04:18:06","guid":{"rendered":"https:\/\/demo-22.woovinapro.com\/?post_type=product&#038;p=1172"},"modified":"2025-01-11T21:05:06","modified_gmt":"2025-01-12T00:05:06","slug":"box-frutillas-pink","status":"publish","type":"product","link":"https:\/\/dfrutassurprise.cl\/index.php\/product\/box-frutillas-pink\/","title":{"rendered":"Box frutillas pink"},"content":{"rendered":"<h2>Box frutillas pink<\/h2>\n<p>Descripci\u00f3n: Delicado box de frutillas cubiertas en chocolate blanco en color rosa pastel\/ rosado. incluye 20 frutillas aproximadamente depende del tama\u00f1o de la fruta.<br \/>\nSu presentaci\u00f3n es en caja color blanco con visor que permite ver el interior del regalo, lazo de seda y tarjeta con dedicatoria personalizada.<\/p>\n<p>un regalo ideal para cualquier ocasi\u00f3n especial del a\u00f1o. En este color puedes sorprenderla de una manera linda, delicada y deliciosa. Igualmente Los colores pueden variar de acuerdo a tu elecci\u00f3n.<br \/>\nPuedes agregar a la entrega globos con helio y rosas y\/o flores de temporada.<\/p>\n<p>Observaciones:<\/p>\n<p>Para disfrutar de la frescura de nuestras frutas, te recomendamos mantenerlas en un ambiente fresco a menos de 22 \u00b0C y consumirlas el MISMO DIA preferiblemente antes de las 8 horas de haber recibido el arreglo de nuestras manos.<br \/>\nNuestros productos son de elaboraci\u00f3n artesanal, con frutas y flores naturales. La versi\u00f3n que recibas puede variar un poco con respecto a la imagen del cat\u00e1logo. Eso s\u00ed, el sabor y la frescura est\u00e1n garantizados. Las cantidades de fresas descritas en cada producto son referenciales.<br \/>\nLa tarifa de Delivery o entrega tiene un costo adicional y var\u00eda seg\u00fan la direcci\u00f3n exacta de entrega.<br \/>\nPuedes pagar con Efectivo \/ transferencia\/ paypal<br \/>\nEl cliente asumir\u00e1 la comisi\u00f3n de todos los pagos realizados a trav\u00e9s de Paypal.<br \/>\nSi nos env\u00edas el texto del mensaje con anticipaci\u00f3n, lo podremos incluir en una hermosa tarjeta sin costo adicional.<br \/>\nDe retirar el arreglo personalmente ten el mayor cuidado al trasladarlo. B\u00fascalo preferiblemente en carro y adem\u00e1s con un acompa\u00f1ante que lo pueda llevar en sus manos.<\/p>\n<p>si te surge alguna duda, ac\u00e1 tenemos un apartado para aclarar las dudas m\u00e1s frecuentes. Si all\u00ed no encuentras tu respuesta, cont\u00e1ctanos v\u00eda Whatsapp +56935591301<\/p>\n","protected":false},"excerpt":{"rendered":"<h2>Box frutillas pink<\/h2>\n","protected":false},"featured_media":10382,"comment_status":"open","ping_status":"closed","template":"","meta":[],"product_cat":[51],"product_tag":[],"_links":{"self":[{"href":"https:\/\/dfrutassurprise.cl\/index.php\/wp-json\/wp\/v2\/product\/1172"}],"collection":[{"href":"https:\/\/dfrutassurprise.cl\/index.php\/wp-json\/wp\/v2\/product"}],"about":[{"href":"https:\/\/dfrutassurprise.cl\/index.php\/wp-json\/wp\/v2\/types\/product"}],"replies":[{"embeddable":true,"href":"https:\/\/dfrutassurprise.cl\/index.php\/wp-json\/wp\/v2\/comments?post=1172"}],"wp:featuredmedia":[{"embeddable":true,"href":"https:\/\/dfrutassurprise.cl\/index.php\/wp-json\/wp\/v2\/media\/10382"}],"wp:attachment":[{"href":"https:\/\/dfrutassurprise.cl\/index.php\/wp-json\/wp\/v2\/media?parent=1172"}],"wp:term":[{"taxonomy":"product_cat","embeddable":true,"href":"https:\/\/dfrutassurprise.cl\/index.php\/wp-json\/wp\/v2\/product_cat?post=1172"},{"taxonomy":"product_tag","embeddable":true,"href":"https:\/\/dfrutassurprise.cl\/index.php\/wp-json\/wp\/v2\/product_tag?post=1172"}],"curies":[{"name":"wp","href":"https:\/\/api.w.org\/{rel}","templated":true}]}}